37
What are the prime factors of 4762?
2, 2381
What are the prime factors of 8208?
2, 3, 19
List the prime factors of 459.
3, 17
What are the prime factors of 19070?
2, 5, 1907
What are the prime factors of 422?
2, 211
What are the prime factors of 1437?
3, 479
What are the prime factors of 57744?
2, 3, 401
What are the prime factors of 133787?
353, 379
List the prime factors of 29382.
2, 3, 59, 83
What are the prime factors of 207?
3, 23
List the prime factors of 3790.
2, 5, 379
What are the prime factors of 135415?
5, 7, 53, 73
What are the prime factors of 26422?
2, 11, 1201
What are the prime factors of 6772?
2, 1693
List the prime factors of 10504.
2, 13, 101
What are the prime factors of 125079?
3, 173, 241
What are the prime factors of 22664?
2, 2833
List the prime factors of 188595.
3, 5, 11, 127
List the prime factors of 50270.
2, 5, 11, 457
What are the prime factors of 9485?
5, 7, 271
What are the prime factors of 2454?
2, 3, 409
List the prime factors of 8828.
2, 2207
List the prime factors of 2895.
3, 5, 193
List the prime factors of 10052.
2, 7, 359
What are the prime factors of 6893?
61, 113
List the prime factors of 45475.
5, 17, 107
What are the prime factors of 29797?
83, 359
List the prime factors of 38359.
89, 431
List the prime factors of 6564.
2, 3, 547
What are the prime factors of 12468?
2, 3, 1039
List the prime factors of 6556.
2, 11, 149
What are the prime factors of 9679?
9679
List the prime factors of 29511.
3, 1093
List the prime factors of 4378.
2, 11, 199
List the prime factors of 1739.
37, 47
What are the prime factors of 31165?
5, 23, 271
What are the prime factors of 87?
3, 29
List the prime factors of 63.
3, 7
What are the prime factors of 2023?
7, 17
List the prime factors of 2009.
7, 41
What are the prime factors of 375?
3, 5
What are the prime factors of 5685?
3, 5, 379
What are the prime factors of 3182?
2, 37, 43
What are the prime factors of 20182?
2, 10091
List the prime factors of 7873.
7873
List the prime factors of 1123.
1123
List the prime factors of 358.
2, 179
List the prime factors of 120302.
2, 7, 13, 661
List the prime factors of 48.
2, 3
What are the prime factors of 1562?
2, 11, 71
List the prime factors of 346.
2, 173
List the prime factors of 13042.
2, 6521
What are the prime factors of 81?
3
What are the prime factors of 83439?
3, 73, 127
What are the prime factors of 476?
2, 7, 17
List the prime factors of 27452.
2, 6863
What are the prime factors of 5586?
2, 3, 7, 19
What are the prime factors of 716?
2, 179
What are the prime factors of 7375?
5, 59
List the prime factors of 7559.
7559
List the prime factors of 453.
3, 151
List the prime factors of 15991.
15991
List the prime factors of 21577.
21577
What are the prime factors of 6388?
2, 1597
What are the prime factors of 7629?
3, 2543
List the prime factors of 33519.
3, 11173
List the prime factors of 2498.
2, 1249
List the prime factors of 29212.
2, 67, 109
What are the prime factors of 2905?
5, 7, 83
List the prime factors of 116908.
2, 11, 2657
What are the prime factors of 76328?
2, 7, 29, 47
List the prime factors of 25372.
2, 6343
List the prime factors of 335.
5, 67
List the prime factors of 8059.
8059
List the prime factors of 244.
2, 61
What are the prime factors of 2367?
3, 263
What are the prime factors of 11194?
2, 29, 193
What are the prime factors of 37293?
3, 31, 401
List the prime factors of 752.
2, 47
What are the prime factors of 8055?
3, 5, 179
What are the prime factors of 4098?
2, 3, 683
What are the prime factors of 12198?
2, 3, 19, 107
What are the prime factors of 29?
29
List the prime factors of 25415.
5, 13, 17, 23
What are the prime factors of 108807?
3, 36269
What are the prime factors of 731?
17, 43
What are the prime factors of 18?
2, 3
List the prime factors of 101066.
2, 7, 7219
List the prime factors of 22714.
2, 41, 277
List the prime factors of 3232.
2, 101
What are the prime factors of 37118?
2, 67, 277
List the prime factors of 18093.
3, 37, 163
List the prime factors of 65025.
3, 5, 17
List the prime factors of 417.
3, 139
What are the prime factors of 3617?
3617
List the prime factors of 15425.
5, 617
List the prime factors of 954.
2, 3, 53
List the prime factors of 605.
5, 11
List the prime factors of 2675.
5, 107
What are the prime factors of 4179?
3, 7, 199
What are the prime factors of 29890?
2, 5, 7, 61
List the prime factors of 2611.
7, 373
List the prime factors of 1584.
2, 3, 11
What are the prime factors of 996?
2, 3, 83
What are the prime factors of 1111?
11, 101
What are the prime factors of 5285?
5, 7, 151
List the prime factors of 51000.
2, 3, 5, 17
List the prime factors of 2753.
2753
What are the prime factors of 682?
2, 11, 31
List the prime factors of 11635.
5, 13, 179
What are the prime factors of 2275?
5, 7, 13
List the prime factors of 53271.
3, 1973
What are the prime factors of 24601?
73, 337
List the prime factors of 4088.
2, 7, 73
What are the prime factors of 767?
13, 59
What are the prime factors of 3605?
5, 7, 103
What are the prime factors of 22052?
2, 37, 149
List the prime factors of 1425.
3, 5, 19
What are the prime factors of 20140?
2, 5, 19, 53
List the prime factors of 1897.
7, 271
What are the prime factors of 2424?
2, 3, 101
What are the prime factors of 28988?
2, 7247
What are the prime factors of 5341?
7, 109
What are the prime factors of 28337?
43, 659
List the prime factors of 9074.
2, 13, 349
What are the prime factors of 247?
13, 19
What are the prime factors of 13?
13
List the prime factors of 31670.
2, 5, 3167
What are the prime factors of 71193?
3, 19, 1249
What are the prime factors of 20792?
2, 23, 113
List the prime factors of 21358.
2, 59, 181
List the prime factors of 17865.
3, 5, 397
What are the prime factors of 550?
2, 5, 11
List the prime factors of 2280.
2, 3, 5, 19
List the prime factors of 1767.
3, 19, 31
List the prime factors of 22890.
2, 3, 5, 7, 109
List the prime factors of 9023.
7, 1289
List the prime factors of 855.
3, 5, 19
List the prime factors of 16269.
3, 11, 17, 29
List the prime factors of 1477.
7, 211
List the prime factors of 27.
3
What are the prime factors of 1925?
5, 7, 11
List the prime factors of 3870.
2, 3, 5, 43
List the prime factors of 31775.
5, 31, 41
What are the prime factors of 12563?
17, 739
What are the prime factors of 8574?
2, 3, 1429
List the prime factors of 7110.
2, 3, 5, 79
What are the prime factors of 1167?
3, 389
What are the prime factors of 851?
23, 37
List the prime factors of 2272.
2, 71
List the prime factors of 11906.
2, 5953
What are the prime factors of 38407?
193, 199
List the prime factors of 1475.
5, 59
What are the prime factors of 4075?
5, 163
List the prime factors of 1527.
3, 509
What are the prime factors of 10312?
2, 1289
What are the prime factors of 18299?
29, 631
What are the prime factors of 8494?
2, 31, 137
List the prime factors of 16147.
67, 241
What are the prime factors of 26807?
11, 2437
What are the prime factors of 513?
3, 19
What are the prime factors of 1924?
2, 13, 37
What are the prime factors of 4156?
2, 1039
List the prime factors of 443.
443
List the prime factors of 790.
2, 5, 79
List the prime factors of 1312.
2, 41
What are the prime factors of 12257?
7, 17, 103
List the prime factors of 2094.
2, 3, 349
What are the prime factors of 4185?
3, 5, 31
What are the prime factors of 9565?
5, 1913
List the prime factors of 3133.
13, 241
List the prime factors of 21960.
2, 3, 5, 61
What are the prime factors of 2324?
2, 7, 83
What are the prime factors of 217?
7, 31
What are the prime factors of 9404?
2, 2351
List the prime factors of 4460.
2, 5, 223
What are the prime factors of 60318?
2, 3, 1117
List the prime factors of 1723.
1723
What are the prime factors of 23066?
2, 19, 607
What are the prime factors of 485?
5, 97
List the prime factors of 2640.
2, 3, 5, 11
What are the prime factors of 27183?
3, 13, 17, 41
What are the prime factors of 9772?
2, 7, 349
What are the prime factors of 450?
2, 3, 5
What are the prime factors of 30277?
13, 17, 137
What are the prime factors of 18804?
2, 3, 1567
List the prime factors of 62008.
2, 23, 337
What are the prime factors of 33093?
3, 3677
What are the prime factors of 482?
2, 241
What are the prime factors of 830?
2, 5, 